prime factors of 2672592699?
3, 7, 127, 673, 1489
List the prime factors of 41992819.
11, 149, 25621
List the prime factors of 289630926.
2, 3, 13, 1237739
What are the prime factors of 352412416?
2, 149, 9239
List the prime factors of 40517117.
73, 555029
List the prime factors of 570002477.
11, 51818407
What are the prime factors of 224179228?
2, 7, 13, 31, 19867
What are the prime factors of 286850476?
2, 11, 6519329
List the prime factors of 1007662199.
17, 631, 93937
List the prime factors of 834474373.
4973, 167801
List the prime factors of 237305646.
2, 3, 137, 32077
What are the prime factors of 216299441?
71, 3046471
List the prime factors of 4392490126.
2, 2196245063
List the prime factors of 36237924.
2, 3, 1006609
What are the prime factors of 603510708?
2, 3, 23, 95071
What are the prime factors of 1362908484?
2, 3, 7, 151, 11939
What are the prime factors of 567253139?
811, 699449
List the prime factors of 17323242.
2, 3, 2887207
List the prime factors of 14178781.
97, 146173
List the prime factors of 134861960.
2, 5, 383, 8803
What are the prime factors of 7544512324?
2, 19, 79, 419, 2999
What are the prime factors of 4507683648?
2, 3, 13, 1805963
What are the prime factors of 87437821?
101, 865721
What are the prime factors of 2509327805?
5, 29, 167, 173, 599
What are the prime factors of 1035492119?
1035492119
List the prime factors of 31587102.
2, 3, 47, 37337
List the prime factors of 3058080649.
13, 17, 13837469
What are the prime factors of 1405915719?
3, 13, 167, 215863
List the prime factors of 708536170.
2, 5, 41, 647, 2671
What are the prime factors of 59381817?
3, 11, 41, 43889
What are the prime factors of 689212524?
2, 3, 7, 11, 13, 181, 317
What are the prime factors of 918894384?
2, 3, 89, 71699
What are the prime factors of 2377408984?
2, 23, 1321, 9781
What are the prime factors of 374265123?
3, 337, 370193
What are the prime factors of 1526070303?
3, 9239, 18353
List the prime factors of 416936712.
2, 3, 29, 67, 8941
List the prime factors of 81279132.
2, 3, 11, 615751
What are the prime factors of 232103634?
2, 3, 7, 31, 89, 2003
List the prime factors of 152421285.
3, 5, 10161419
List the prime factors of 829678217.
17, 48804601
List the prime factors of 175935958.
2, 11, 17, 470417
List the prime factors of 205735164.
2, 3, 29, 591193
What are the prime factors of 5575103748?
2, 3, 71, 727061
List the prime factors of 116875928.
2, 13, 1123807
What are the prime factors of 156973556?
2, 39243389
What are the prime factors of 49916288?
2, 389971
List the prime factors of 2749262896.
2, 6863, 25037
What are the prime factors of 123214260?
2, 3, 5, 13, 47, 3361
List the prime factors of 333905568.
2, 3, 17, 204599
List the prime factors of 792868455.
3, 5, 41, 113, 3803
List the prime factors of 863869072.
2, 11, 4908347
What are the prime factors of 205282768?
2, 12830173
List the prime factors of 26068161.
3, 7, 1241341
What are the prime factors of 2280509687?
43, 53035109
What are the prime factors of 146464823?
6911, 21193
List the prime factors of 576218275.
5, 43, 536017
List the prime factors of 88636950.
2, 3, 5, 65657
What are the prime factors of 117902292?
2, 3, 9825191
List the prime factors of 90216756.
2, 3, 7, 17, 21059
List the prime factors of 2856147126.
2, 3, 7, 68003503
What are the prime factors of 1747080222?
2, 3, 1471, 197947
List the prime factors of 171936845.
5, 23, 101, 113, 131
List the prime factors of 242867985.
3, 5, 829, 19531
What are the prime factors of 503491452?
2, 3, 193, 217397
List the prime factors of 797565068.
2, 59, 3379513
What are the prime factors of 1015776678?
2, 3, 7, 29, 643, 1297
List the prime factors of 38138029.
31, 257, 4787
What are the prime factors of 268613862?
2, 3, 11, 43, 94649
List the prime factors of 54948397.
7, 113, 69467
What are the prime factors of 98252015?
5, 557, 35279
What are the prime factors of 122271197?
23, 103, 51613
List the prime factors of 425663570.
2, 5, 4673, 9109
What are the prime factors of 1010686268?
2, 179, 1411573
What are the prime factors of 959256523?
959256523
List the prime factors of 98967232.
2, 7, 13, 16993
What are the prime factors of 43320815?
5, 569, 15227
What are the prime factors of 56435956?
2, 14108989
List the prime factors of 101815846.
2, 11, 71, 65183
What are the prime factors of 6026559131?
5309, 1135159
What are the prime factors of 62938208?
2, 1966819
What are the prime factors of 641219957?
7, 17, 29, 71, 2617
List the prime factors of 1763268896.
2, 593, 92921
What are the prime factors of 167209150?
2, 5, 311, 10753
List the prime factors of 127263505.
5, 25452701
What are the prime factors of 1076262682?
2, 11, 47, 1040873
What are the prime factors of 422079057?
3, 46897673
List the prime factors of 46284930.
2, 3, 5, 514277
List the prime factors of 98492550.
2, 3, 5, 13, 53, 953
What are the prime factors of 3077095?
5, 7, 87917
List the prime factors of 334585741.
7, 47797963
List the prime factors of 54046541.
54046541
List the prime factors of 902338526.
2, 1693, 266491
List the prime factors of 64382595.
3, 5, 4292173
List the prime factors of 604362390.
2, 3, 5, 233, 86461
List the prime factors of 236371473.
3, 13, 43, 15661
List the prime factors of 1389631145.
5, 7, 39703747
List the prime factors of 1673115986.
2, 107, 829, 9431
What are the prime factors of 61261921?
7, 31, 282313
What are the prime factors of 59856733?
59856733
List the prime factors of 242001589.
811, 298399
List the prime factors of 1145937865.
5, 14653, 15641
List the prime factors of 449435427.
3, 7, 31, 690377
What are the prime factors of 73622743?
83, 10687
What are the prime factors of 2292504572?
2, 821, 698083
What are the prime factors of 271125428?
2, 7, 71, 19483
List the prime factors of 36332003.
36332003
List the prime factors of 287782417.
13, 19, 23, 179, 283
List the prime factors of 1378584121.
19, 72557059
What are the prime factors of 118319661?
3, 661, 19889
What are the prime factors of 114586554?
2, 3, 41, 465799
List the prime factors of 281050734.
2, 3, 211, 221999
List the prime factors of 13646633.
7, 11, 13, 13633
List the prime factors of 5818210664.
2, 7, 257, 404267
What are the prime factors of 64001598?
2, 3, 383, 27851
List the prime factors of 25860063.
3, 191, 45131
List the prime factors of 28799886.
2, 3, 4799981
What are the prime factors of 448185723?
3, 79, 277, 6827
What are the prime factors of 58558997?
7, 97, 86243
List the prime factors of 43084409.
17, 43, 3467
List the prime factors of 98942597.
13, 131, 58099
List the prime factors of 292663907.
1123, 260609
What are the prime factors of 1469204344?
2, 183650543
What are the prime factors of 231694917?
3, 7537, 10247
What are the prime factors of 787828177?
23, 34253399
What are the prime factors of 111671059?
89, 1254731
What are the prime factors of 66778566?
2, 3, 191, 58271
List the prime factors of 299569089.
3, 23, 31, 43, 3257
List the prime factors of 124917620.
2, 5, 293, 21317
What are the prime factors of 84160212?
2, 3, 7013351
List the prime factors of 62388561.
3, 1607, 12941
List the prime factors of 216055196.
2, 7, 163, 47339
List the prime factors of 189315326.
2, 31, 43, 71011
List the prime factors of 361010212.
2, 29, 859, 3623
List the prime factors of 177276816.
2, 3, 17, 101, 239
What are the prime factors of 84120471?
3, 17, 131, 1399
List the prime factors of 3819224915.
5, 11, 37, 199, 9431
What are the prime factors of 168737455?
5, 33747491
List the prime factors of 1045916955.
3, 5, 191, 4507
What are the prime factors of 395658968?
2, 49457371
List the prime factors of 83259369.
3, 577, 16033
What are the prime factors of 1187424663?
3, 7243, 54647
List the prime factors of 3141602788.
2, 17, 83, 556627
What are the prime factors of 4204834303?
4204834303
What are the prime factors of 1092032985?
3, 5, 23, 37, 85549
List the prime factors of 483924987.
3, 7, 13, 67, 8819
What are the prime factors of 70484569?
353, 199673
What are the prime factors of 49156442?
2, 107, 229703
List the prime factors of 53926646.
2, 26963323
List the prime factors of 98557751.
37, 1499, 1777
List the prime factors of 226678698.
2, 3, 139, 90599
What are the prime factors of 50949021?
3, 169